{"version":"1.0","provider_name":"Cooperativa UST","provider_url":"https:\/\/cooperativaust.com.ar\/wp","author_name":"Administrador","author_url":"https:\/\/cooperativaust.com.ar\/wp\/author\/administrador\/","title":"Festival folkl\u00f3rico del Bachillerato Arbolito de la UST - Cooperativa UST","type":"rich","width":600,"height":338,"html":"<blockquote class=\"wp-embedded-content\" data-secret=\"YKTZiPbYhN\"><a href=\"https:\/\/cooperativaust.com.ar\/wp\/festival-folklorico-del-bachillerato-arbolito-de-la-ust\/\">Festival folkl\u00f3rico del Bachillerato Arbolito de la UST<\/a><\/blockquote><iframe sandbox=\"allow-scripts\" security=\"restricted\" src=\"https:\/\/cooperativaust.com.ar\/wp\/festival-folklorico-del-bachillerato-arbolito-de-la-ust\/embed\/#?secret=YKTZiPbYhN\" width=\"600\" height=\"338\" title=\"\u00abFestival folkl\u00f3rico del Bachillerato Arbolito de la UST\u00bb \u2014 Cooperativa UST\" data-secret=\"YKTZiPbYhN\" frameborder=\"0\" marginwidth=\"0\" marginheight=\"0\" scrolling=\"no\" class=\"wp-embedded-content\"><\/iframe><script>\n\/*! This file is auto-generated *\/\n!function(d,l){\"use strict\";l.querySelector&&d.addEventListener&&\"undefined\"!=typeof URL&&(d.wp=d.wp||{},d.wp.receiveEmbedMessage||(d.wp.receiveEmbedMessage=function(e){var t=e.data;if((t||t.secret||t.message||t.value)&&!\/[^a-zA-Z0-9]\/.test(t.secret)){for(var s,r,n,a=l.querySelectorAll('iframe[data-secret=\"'+t.secret+'\"]'),o=l.querySelectorAll('blockquote[data-secret=\"'+t.secret+'\"]'),c=new RegExp(\"^https?:$\",\"i\"),i=0;i<o.length;i++)o[i].style.display=\"none\";for(i=0;i<a.length;i++)s=a[i],e.source===s.contentWindow&&(s.removeAttribute(\"style\"),\"height\"===t.message?(1e3<(r=parseInt(t.value,10))?r=1e3:~~r<200&&(r=200),s.height=r):\"link\"===t.message&&(r=new URL(s.getAttribute(\"src\")),n=new URL(t.value),c.test(n.protocol))&&n.host===r.host&&l.activeElement===s&&(d.top.location.href=t.value))}},d.addEventListener(\"message\",d.wp.receiveEmbedMessage,!1),l.addEventListener(\"DOMContentLoaded\",function(){for(var e,t,s=l.querySelectorAll(\"iframe.wp-embedded-content\"),r=0;r<s.length;r++)(t=(e=s[r]).getAttribute(\"data-secret\"))||(t=Math.random().toString(36).substring(2,12),e.src+=\"#?secret=\"+t,e.setAttribute(\"data-secret\",t)),e.contentWindow.postMessage({message:\"ready\",secret:t},\"*\")},!1)))}(window,document);\n\/\/# sourceURL=https:\/\/cooperativaust.com.ar\/wp\/wp-includes\/js\/wp-embed.min.js\n<\/script>\n","thumbnail_url":"https:\/\/cooperativaust.com.ar\/wp\/wp-content\/uploads\/2025\/11\/1-1.jpg","thumbnail_width":2048,"thumbnail_height":1286,"description":"Festival folkl\u00f3rico del Bachillerato Arbolito de la UST Un festival folkl\u00f3rico llev\u00f3 adelante el Bachillerato Popular Arbolito de la UST el 17 de noviembre de 2025 en el Teatro Municipal Wilde. Con la presencia de los directivos de la instituci\u00f3n, familiares de los estudiantes y trabajadores de la Cooperativa UST, las\/os presentes disfrutaron de un [&hellip;]"}

Festival folklórico del Bachillerato Arbolito de la UST - Cooperativa UST

<blockquote class="wp-embedded-content" data-secret="YKTZiPbYhN"><a href="https://cooperativaust.com.ar/wp/festival-folklorico-del-bachillerato-arbolito-de-la-ust/">Festival folklórico del Bachillerato Arbolito de la UST</a></blockquote><iframe sandbox="allow-scripts" security="restricted" src="https://cooperativaust.com.ar/wp/festival-folklorico-del-bachillerato-arbolito-de-la-ust/embed/#?secret=YKTZiPbYhN" width="600" height="338" title="«Festival folklórico del Bachillerato Arbolito de la UST» — Cooperativa UST" data-secret="YKTZiPbYhN" frameborder="0" marginwidth="0" marginheight="0" scrolling="no" class="wp-embedded-content"></iframe><script>
/*! This file is auto-generated */
!function(d,l){"use strict";l.querySelector&&d.addEventListener&&"undefined"!=typeof URL&&(d.wp=d.wp||{},d.wp.receiveEmbedMessage||(d.wp.receiveEmbedMessage=function(e){var t=e.data;if((t||t.secret||t.message||t.value)&&!/[^a-zA-Z0-9]/.test(t.secret)){for(var s,r,n,a=l.querySelectorAll('iframe[data-secret="'+t.secret+'"]'),o=l.querySelectorAll('blockquote[data-secret="'+t.secret+'"]'),c=new RegExp("^https?:$","i"),i=0;i<o.length;i++)o[i].style.display="none";for(i=0;i<a.length;i++)s=a[i],e.source===s.contentWindow&&(s.removeAttribute("style"),"height"===t.message?(1e3<(r=parseInt(t.value,10))?r=1e3:~~r<200&&(r=200),s.height=r):"link"===t.message&&(r=new URL(s.getAttribute("src")),n=new URL(t.value),c.test(n.protocol))&&n.host===r.host&&l.activeElement===s&&(d.top.location.href=t.value))}},d.addEventListener("message",d.wp.receiveEmbedMessage,!1),l.addEventListener("DOMContentLoaded",function(){for(var e,t,s=l.querySelectorAll("iframe.wp-embedded-content"),r=0;r<s.length;r++)(t=(e=s[r]).getAttribute("data-secret"))||(t=Math.random().toString(36).substring(2,12),e.src+="#?secret="+t,e.setAttribute("data-secret",t)),e.contentWindow.postMessage({message:"ready",secret:t},"*")},!1)))}(window,document);
//# sourceURL=https://cooperativaust.com.ar/wp/wp-includes/js/wp-embed.min.js
</script>

Festival folklórico del Bachillerato Arbolito de la UST Un festival folklórico llevó adelante el Bachillerato Popular Arbolito de la UST el 17 de noviembre de 2025 en el Teatro Municipal Wilde. Con la presencia de los directivos de la institución, familiares de los estudiantes y trabajadores de la Cooperativa UST, las/os presentes disfrutaron de un [&hellip;]
