{"version":"1.0","provider_name":"Cooperativa UST","provider_url":"https:\/\/cooperativaust.com.ar\/wp","author_name":"Administrador","author_url":"https:\/\/cooperativaust.com.ar\/wp\/author\/administrador\/","title":"Asado y brindis para despedir el 2025 - Cooperativa UST","type":"rich","width":600,"height":338,"html":"<blockquote class=\"wp-embedded-content\" data-secret=\"245Ma3sfrN\"><a href=\"https:\/\/cooperativaust.com.ar\/wp\/asado-y-brindis-para-despedir-el-2025\/\">Asado y brindis para despedir el 2025<\/a><\/blockquote><iframe sandbox=\"allow-scripts\" security=\"restricted\" src=\"https:\/\/cooperativaust.com.ar\/wp\/asado-y-brindis-para-despedir-el-2025\/embed\/#?secret=245Ma3sfrN\" width=\"600\" height=\"338\" title=\"\u00abAsado y brindis para despedir el 2025\u00bb \u2014 Cooperativa UST\" data-secret=\"245Ma3sfrN\" frameborder=\"0\" marginwidth=\"0\" marginheight=\"0\" scrolling=\"no\" class=\"wp-embedded-content\"><\/iframe><script>\n\/*! This file is auto-generated *\/\n!function(d,l){\"use strict\";l.querySelector&&d.addEventListener&&\"undefined\"!=typeof URL&&(d.wp=d.wp||{},d.wp.receiveEmbedMessage||(d.wp.receiveEmbedMessage=function(e){var t=e.data;if((t||t.secret||t.message||t.value)&&!\/[^a-zA-Z0-9]\/.test(t.secret)){for(var s,r,n,a=l.querySelectorAll('iframe[data-secret=\"'+t.secret+'\"]'),o=l.querySelectorAll('blockquote[data-secret=\"'+t.secret+'\"]'),c=new RegExp(\"^https?:$\",\"i\"),i=0;i<o.length;i++)o[i].style.display=\"none\";for(i=0;i<a.length;i++)s=a[i],e.source===s.contentWindow&&(s.removeAttribute(\"style\"),\"height\"===t.message?(1e3<(r=parseInt(t.value,10))?r=1e3:~~r<200&&(r=200),s.height=r):\"link\"===t.message&&(r=new URL(s.getAttribute(\"src\")),n=new URL(t.value),c.test(n.protocol))&&n.host===r.host&&l.activeElement===s&&(d.top.location.href=t.value))}},d.addEventListener(\"message\",d.wp.receiveEmbedMessage,!1),l.addEventListener(\"DOMContentLoaded\",function(){for(var e,t,s=l.querySelectorAll(\"iframe.wp-embedded-content\"),r=0;r<s.length;r++)(t=(e=s[r]).getAttribute(\"data-secret\"))||(t=Math.random().toString(36).substring(2,12),e.src+=\"#?secret=\"+t,e.setAttribute(\"data-secret\",t)),e.contentWindow.postMessage({message:\"ready\",secret:t},\"*\")},!1)))}(window,document);\n\/\/# sourceURL=https:\/\/cooperativaust.com.ar\/wp\/wp-includes\/js\/wp-embed.min.js\n<\/script>\n","thumbnail_url":"https:\/\/cooperativaust.com.ar\/wp\/wp-content\/uploads\/2026\/01\/GrupalOK-scaled.jpeg","thumbnail_width":2560,"thumbnail_height":1716,"description":"Asado y brindis para despedir el 2025 La Cooperativa UST finaliz\u00f3 el a\u00f1o el lunes 29 de diciembre en el agroecol\u00f3gico con un asado para as\u00ed bajar el tel\u00f3n tras 12 meses de trabajo y muchos desaf\u00edos que se presentaron. El fuego encendido desde temprano para ir d\u00e1ndole forma al asado, banderas decorando el espacio, [&hellip;]"}

Asado y brindis para despedir el 2025 La Cooperativa UST finalizó el año el lunes 29 de diciembre en el agroecológico con un asado para así bajar el telón tras 12 meses de trabajo y muchos desafíos que se presentaron. El fuego encendido desde temprano para ir dándole forma al asado, banderas decorando el espacio, [&hellip;]
